?
11
Let r = 71 + -42. Let o(z) = z**3 + z + 10. What is the remainder when r is divided by o(0)?
9
Let n(v) = -4*v. Let a be (4/6)/((-5)/15). Calculate the remainder when n(a) is divided by 5.
3
Let m = 67 + -21. Suppose -2*h = -3*h + m. What is the remainder when h is divided by 16?
14
Let g(r) = r**3 + 7*r**2 + 4*r - 10. Calculate the remainder when 2*7*(-1)/(-2) is divided by g(-6).
1
Let m = 16 + -12. Suppose 0 = -4*q - 20, -q + 28 = p - m*q. Calculate the remainder when p is divided by 7.
6
Let p(a) = a + 2. Let m be (-6)/(4/(-2)) + 2. Suppose -1 = -2*x + 5. Calculate the remainder when p(m) is divided by x.
1
Suppose 4*b + 420 = 4*f - 0*b, -5*f = 5*b - 545. Suppose -2*k = -5*w + f, -5*w - 2*k = -96 - 27. What is the remainder when w is divided by (-1)/(-2)*(-1 + 17)?
7
Let z(s) = -4 + 0*s + 2*s + 8. Let g be (-4)/36*3*-9. Calculate the remainder when z(g) is divided by 6.
4
Let p be 4 + (-5 + -1)/3. Suppose 5*v - 69 = p*c, 2*v - 13 = -3*c + 7. Suppose 3*m = -k + 31, 0 = -3*k - 2 - v. What is the remainder when 23 is divided by m?
11
Suppose p - 95 = -5*t, 0 = t - 2*p - 18 - 1. Let w = 15 + -7. Suppose -w*j = -4*j - 224. What is the remainder when j is divided by t?
18
Let p = -30 + 27. Let v(h) = -h**3 + h**2 + 3*h - 3. Let x = -9 - -56. What is the remainder when x is divided by v(p)?
23
Suppose 200 - 62 = 6*w. What is the remainder when 89 is divided by w?
20
Let x = 297 - 207. Calculate the remainder when x is divided by 23.
21
Let z be (4/2 + 0)*-2. Let d(s) be the third derivative of -s**4/6 - 5*s**3/6 + 4*s**2. What is the remainder when 21 is divided by d(z)?
10
Let x(q) = -19*q + 1. Suppose f + 7 = -3*l, -18 = 2*l + 2*f + 2*f. Let o be x(l). Calculate the remainder when 40 is divided by 1/(-4) - (-285)/o.
12
Let h(g) = 3*g**2 + 2*g - 6. What is the remainder when h(4) is divided by 13?
11
Suppose 2*v + 3 + 2 = s, -2*s + 5*v = -8. Suppose -5*u = l - 18, -2*u = -3*l - 0*l + 3. Calculate the remainder when s is divided by l.
0
Suppose 0 = -3*s - 4*b + 1, 2*s + 5*b = 3*s - 13. Suppose -o + 32 = s*o. What is the remainder when 22 is divided by o?
6
Let a = -46 + 77. Calculate the remainder when a is divided by 17.
14
Let u be 0/3 + 1 + 3. Let i(f) = f**2 + 2*f - 5. Let a be i(-4). Suppose -a*d + 8*d - 108 = u*p, p = 2*d - 45. Calculate the remainder when d is divided by 13.
11
Let z(w) = 2*w**3 - 3 - 5*w**2 - w**2 + 0*w**2 + 5*w + 2. Let a be z(4). What is the remainder when 51 is divided by (2 - a/6)*-2?
12
Calculate the remainder when 33 is divided by -2*7/((-56)/76).
14
Suppose 4*o = 3*l + 1, -2*o - 5 = -5*l + 12. Suppose 3*b - 4*i - 24 = -b, 69 = o*b + 5*i. Calculate the remainder when 20 is divided by b.
9
Let y(i) = -i**3 + 18*i - 3. Calculate the remainder when y(-5) is divided by 12.
8
Suppose 2*f - 14 = 4*f. Let z = -5 - f. What is the remainder when 4 is divided by z?
0
Calculate the remainder when 5 is divided by (9/54)/(3/18).
0
Let i = -65 - -109. Suppose -8*a + i = 2*l - 4*a, -25 = -l - 3*a. What is the remainder when 47 is divided by l?
15
Suppose 0 = 2*g + 3*x - 15, -g - 2*g + 4*x = -31. Calculate the remainder when 25 is divided by g.
7
Suppose -o = -3*o + 20. What is the remainder when 29 is divided by o?
9
Let l(z) = z**2 - 5*z. Let g be l(5). Suppose -y - 12 = -4*o - 6*y, g = 4*y. What is the remainder when o is divided by 1?
0
Let b(w) = 2*w**2 - 5*w - 9. What is the remainder when b(6) is divided by 9?
6
Suppose -87 = 5*k - 262. Let g = k - 17. What is the remainder when 34 is divided by g?
16
Let r(h) = -3*h + 1. Suppose -2*p = n - 10, 0*p - 2*n = -p - 5. Let g = p + -9. What is the remainder when r(g) is divided by 10?
9
Suppose 0 = -7*y - 80 + 430. Calculate the remainder when y is divided by 11.
6
Let o(a) = 2*a**2 + a. Calculate the remainder when (-500)/(-18) - ((-8)/36 + 0) is divided by o(-3).
13
Suppose 4*c = -3*p + 22, 2*c - 3 = 5. What is the remainder when 12 is divided by (7/(-2))/((-1)/p)?
5
Suppose 47 = 3*u - 1. Suppose 2*h - 47 = h. What is the remainder when h is divided by u?
15
Let c(n) = n**3 - 4*n**2 - 5. Let x = -71 - -110. What is the remainder when x is divided by c(5)?
19
Suppose -4*o + 147 = 47. Let x = o + -41. Let i = x + 41. What is the remainder when i is divided by 13?
12
Let t(u) = -u - 5. Let i be t(-8). Suppose -31 = -i*d + 32. What is the remainder when 82 is divided by d?
19
Suppose 5*a - 2*a = 0. Suppose 4*f - 5*f + 8 = a. What is the remainder when f is divided by 3?
2
Let w = 69 + -61. Calculate the remainder when 28 is divided by w.
4
Let r be (-4)/10 + (-84)/(-35). Let g = -17 + 33. Calculate the remainder when 3/r - (-114)/4 is divided by g.
14
Let k = -25 + 13. Suppose 40 + 28 = 4*g. What is the remainder when 36/(3/k*-3) is divided by g?
14
Let t(b) = 5*b**2 + 3*b + 5. Let u be t(6). Let x = 42 + -22. Calculate the remainder when u/5 + 8/x is divided by 21.
20
Suppose 0 = 32*r - 27*r - 30. Let f(i) be the third derivative of 3*i**5/10 + i**4/12 + i**3/6 + 2*i**2. Calculate the remainder when f(-1) is divided by r.
5
Let f(l) = -1 - 8*l + 1. What is the remainder when 30 is divided by f(-1)?
6
Suppose 114 = s + 37. Suppose -18*n - 78 = -21*n. What is the remainder when s is divided by n?
25
Let m(k) = -k**2 + 10*k - 1. Let b = 19 - 12. What is the remainder when m(b) is divided by 7?
6
Suppose -3*b = 17 - 170. Let l = b - 33. Suppose 2*k - l = -3*t, t - 2*k - 6 = -0*k. What is the remainder when 10 is divided by t?
4
Let z = 10 + -7. Let y = 2 + z. What is the remainder when y is divided by 3?
2
Let v = -74 + 122. Let z = -2 - -5. Suppose z*n - 102 = v. Calculate the remainder when n is divided by 17.
16
Suppose -2*g = -0*g. Suppose 6*y - 5*y - 32 = g. Suppose 2*t = -4, -2*p = -7*p - 5*t + 75. Calculate the remainder when y is divided by p.
15
Let k = 7 - -3. What is the remainder when 58 is divided by k?
8
Suppose -l - 8 = -5*l. Suppose l*p + 5*f = 123, f - 207 = -5*p + 89. What is the remainder when p is divided by 20?
19
What is the remainder when 89/2 + (-3)/6 is divided by 9?
8
Let i(s) = 0*s - 2 - 9*s + 1. Suppose -t - t = -4*b + 6, -t = 5. What is the remainder when i(b) is divided by 3?
2
Let m(s) be the third derivative of -s**5/60 + s**4/3 + s**3/3 + 3*s**2. Let q(t) = 18*t**2 - t. Calculate the remainder when q(1) is divided by m(7).
8
Let i = 194 - 138. What is the remainder when i is divided by 15?
11
Suppose -k - 20 = -6*k. What is the remainder when 11 is divided by k?
3
Let k(u) = u**2 - u - 14. Let g be k(0). Let i = 31 + g. What is the remainder when 31 is divided by i?
14
Let s(y) = y + 1. Let f = -43 - -25. What is the remainder when s(0) is divided by (-8)/28 + f/(-14)?
0
Suppose 47 + 0 = 3*s - 5*g, -5*s = 5*g - 105. Suppose 0 = -q - 0*q + s. Calculate the remainder when q is divided by 7.
5
Let t(l) = 60*l. Let y be t(1). Calculate the remainder when 45 is divided by (8/5)/(8/y).
9
Calculate the remainder when 74 is divided by (-10)/(-1)*(-10)/(-4).
24
Suppose 2*n + n = 36. Suppose 2 = 5*y + 2*m + 40, 0 = 5*m - 5. What is the remainder when 540/16 - (-6)/y is divided by n?
9
Suppose 4*p = 3*h - 49, -39 = -4*h - p + 1. What is the remainder when 41 is divided by h?
8
What is the remainder when 136 is divided by 23 - 1*(4 + -4)*1?
21
Let x(z) = 5*z - 9. Let i be x(7). Suppose -y - i + 129 = 3*o, 2*o - 4*y - 50 = 0. Suppose 7 = r - o. What is the remainder when r is divided by 14?
12
Suppose n - 1 = -7. Let m = 1 + 12. Let l = m + n. What is the remainder when 12 is divided by l?
5
Suppose -3*x + 12 = -5*o - 5, -2*x + 4*o = -8. Calculate the remainder when x is divided by 7.
0
Suppose 2*j - j + 5*b = 30, 4*j = -4*b + 72. What is the remainder when j is divided by 4?
3
Calculate the remainder when (-1)/(-4) + (-151)/(-4) is divided by 13.
12
Suppose 3*b - 140 = -2*b. Calculate the remainder when b is divided by 6.
4
Suppose 0 = -p, -3*n - 65 = 5*p - 2. Let o = 111 + n. Let r = o - 53. Calculate the remainder when r is divided by 10.
7
Suppose 0 = 2*k + 5*n - 6, -4*k - 2*n = n - 26. Let v = -3 - -8. What is the remainder when k is divided by v?
3
What is the remainder when (18/(-15))/(3/(-25)) is divided by 3?
1
Let v = 7 + -3. Suppose -v*j + 261 = 29. What is the remainder when j is divided by 15?
13
Suppose q + 5 = 4*u, -3*u - u = -3*q + 17. Supp